{"id":503,"date":"2024-09-25T12:08:39","date_gmt":"2024-09-25T09:08:39","guid":{"rendered":"https:\/\/labo.univ-batna.dz\/lrprim\/?page_id=503"},"modified":"2024-09-25T12:08:39","modified_gmt":"2024-09-25T09:08:39","slug":"research-projects","status":"publish","type":"page","link":"https:\/\/labo.univ-batna.dz\/lrprim\/?page_id=503","title":{"rendered":"Research Projects"},"content":{"rendered":"\n<p><strong>Projets PFRU<\/strong><\/p>\n\n\n\n<figure class=\"wp-block-table\"><table class=\"has-fixed-layout\"><tbody><tr><td><strong>Intitul\u00e9 du Projet<\/strong><\/td><td><strong>Porteur de projet<\/strong><\/td><td><strong>Membres<\/strong><\/td><td><strong>Date d\u00e9but et fin<\/strong><\/td><\/tr><tr><td>Structure et dynamique des systemes nucl\u00e9aire et atomique<\/td><td>Pr. Bouldjedri Abdelhamid<\/td><td>Dr. Bouhlel Mouna, Dr. Aissaoui Lamia, Guendouz Rania doc, Ghodbane Imane doc Khadir Mohamed Islem doc<\/td><td>01-01-2023\/ 2027<\/td><\/tr><tr><td>Confined Atomic Systems in Charged Environments<\/td><td>Pr. Moumni Mustapha<\/td><td>Dr.Becir Ahmed&nbsp; Khaled Fatma Zohra Doc Ghemari Samar&nbsp; Doc Hammadi Wafa Doc<\/td><td>&nbsp;<\/td><\/tr><tr><td>&nbsp;G\u00e9ometrie,mod\u00e8le standard et gravit\u00e9 quantique<\/td><td>&nbsp;Zaim Slimen<\/td><td>Pr. Delenda Yazid Pr. Ouachria Mekki Larbi Mohamed Aimen doc Ghezal Achwaq doc Bara Fatima Zohra&nbsp; doc&nbsp;<\/td><td>&nbsp;<\/td><\/tr><tr><td>Ondes et Instabilit\u00e9s dans les Plasmas cr\u00e9\u00e9s par Laser dans le contexte de la Fusion Thermonucl\u00e9aire Magn\u00e9to-Inertielle<\/td><td>Pr. Sid Abdelaziz<\/td><td>Dr. Boultif Oussama Naceur Rebiha doc<\/td><td>1\/12019 au 31\/12\/2022<\/td><\/tr><tr><td>Etude des ph\u00e9nom\u00e8nes physiques mis en jeu lors de l&#8217;interaction de l&#8217;onde \u00e9lectromagn\u00e9tique avec le plasma<\/td><td>Pr. Sid Abdelaziz<\/td><td>&nbsp;<\/td><td>En phase d&#8217;expertise. Accept\u00e9 par la CRUEST en 2019. 04 ans<\/td><\/tr><tr><td>Physique nucl\u00e9aire, atomique et fluides astrophysiques<\/td><td>Pr. Abdelhamid Bouldjedri<\/td><td>Dr. Bouhelal Mouna Dr. Aissaoui Lamia Mebrake Hanane doc Ameziane Firouz doc Boubir Abir doc<\/td><td>01.01.2018 04 ans<\/td><\/tr><tr><td>Etude de quelques observables non globaux en QCD et de processus de cr\u00e9ation de particules dans un espace-temps non commutatif<\/td><td>Yazid Delenda<\/td><td>&nbsp;<\/td><td>En phase d&#8217;expertise. &nbsp;Accept\u00e9 par la CRUEST en 2019. &nbsp;04 ans<\/td><\/tr><\/tbody><\/table><\/figure>\n\n\n\n<p><strong>Projets PNR<\/strong><\/p>\n\n\n\n<figure class=\"wp-block-table\"><table class=\"has-fixed-layout\"><tbody><tr><td><strong>Intitul\u00e9 du Projet<\/strong><\/td><td><strong>Porteur de projet<\/strong><\/td><td><strong>Membres<\/strong><\/td><td><strong>Date debut et fin<\/strong><\/td><\/tr><tr><td>Mod\u00e8les Collectifs et Microscopiques en Structure Nucl\u00e9aire<\/td><td>Pr. BOULDJEDRI Abdelhamid<\/td><td>&nbsp;<\/td><td>&nbsp;<\/td><\/tr><tr><td>&nbsp;Etude de l\u2019Interaction Rayonnement-Plasma dans le contexte de la Fusion Thermonucl\u00e9aire<\/td><td>Pr. SID Abdelaziz<\/td><td>Dr. Benahmed Amel<\/td><td>01\/05\/2011 &#8211; 01\/05\/2013<\/td><\/tr><\/tbody><\/table><\/figure>\n\n\n\n<p><strong>Projets CNEPRU<\/strong><\/p>\n\n\n\n<figure class=\"wp-block-table\"><table class=\"has-fixed-layout\"><tbody><tr><td>intitul\u00e9<\/td><td>Code projet<\/td><td>Chef du projet<\/td><td>Membres de L&#8217;equipe<\/td><td>Date d&#8217;agr\u00e9ment<\/td><td>Rapport<\/td><\/tr><tr><td>Etude des ph\u00e9nom\u00e8nes physiques mis en jeu lors de l&#8217;interaction de l&#8217;onde \u00e9lectromagn\u00e9tique avec le plasma<\/td><td>D01320140024<\/td><td>Abdelaziz Sid<\/td><td>Belghit Slimen Benahled Amel Smadi&nbsp;<br>Moussa&nbsp;<\/td><td>01\/01\/2015 &#8211; 01\/01\/2019<\/td><td>&nbsp;<\/td><\/tr><tr><td>Traitement des syst\u00e8mes quantiques dans le contexte de la g\u00e9om\u00e9trie non-commutative et le formalisme des int\u00e9grales de Feynman<\/td><td>D01320130009<\/td><td>Aouachria Mekki<\/td><td>Delenda Yazid<\/td><td>&nbsp;01\/01\/2014 \u2013 31\/12\/2017.<\/td><td>&nbsp;<\/td><\/tr><tr><td>Etude des phenomene physiques mis en jeu lors de l interacion entre L&#8217;onde electromagnetique et le plasma<\/td><td>D01320140024<\/td><td>Sid Abdelaziz<\/td><td>Smadi Moussa Bahloul Derradj Benahmed Amel Belghit Slimen Rahmani yassine<\/td><td>01\/01\/2015<\/td><td>&nbsp;2019<\/td><\/tr><tr><td>Analyse du comportement visco\u00e9lastique des mat\u00e9riaux par spectroscopie m\u00e9canique<\/td><td>&nbsp;D01320120058<\/td><td>Belamri Ch\u00e9rif<\/td><td>Belhas Saida Belamri Djamel Benyahia Nawel Kabbab Abdelhamid Riviere Andre Gerland Mechel<\/td><td>01\/01\/2013<\/td><td>01\/01\/2016 &nbsp;<\/td><\/tr><tr><td>Etude de l interaction laser plasma dans le contexte de la fusion inertielle<\/td><td>&nbsp;D01320100066<\/td><td>Sid Abdelaziz<\/td><td>Smadi Moussa&nbsp;<\/td><td>01\/01\/2011 &#8211; 01\/01\/2015<\/td><td>&nbsp;<\/td><\/tr><tr><td>Noyaux, atomes et astrophysique<\/td><td>D01320100053<\/td><td>Bouldjedri Abdelhamid<\/td><td>&nbsp;Salima Zerguine Abderahmene Yekhlef<\/td><td>2010<\/td><td>2013&nbsp;<\/td><\/tr><tr><td>Etude de l\u2019Interaction Rayonnement\u2010Plasma dans le cadre de la Fusion<br>Thermonucl\u00e9aire Inertielle<\/td><td>D01320100066<\/td><td>Sid Abdelaziz<\/td><td>Bahloul Derradji Smadi Moussa<\/td><td>2010<\/td><td>&nbsp;avis favorable pour la prolongation pour 2014<\/td><\/tr><tr><td>Mod\u00e8les alg\u00e9briques et microscopiques en structure nucl\u00e9aire et noyaux en milieu stellaire<\/td><td>D-01320060030<\/td><td>Bouljedri Abdelhamid<\/td><td>&nbsp;<\/td><td>01.01.2007<\/td><td><a href=\"file:\/\/\/C:\/My%20Web%20Sites\/sitelabo\/labo.univ-batna.dz\/primalab\/images\/files\/Rapp-annuel-2008-Bouldjedri-A-D01320060030.html\"><\/a> R\u00e9alis\u00e9<\/td><\/tr><tr><td>Etude des effets non lin\u00e9aires dans l&#8217;interaction laser mati\u00e8re<\/td><td>D01320060033<\/td><td>Bahloul Derradji<\/td><td>&nbsp;<\/td><td>2006<\/td><td><a href=\"http:\/\/http\/\/labo.univ-batna.dz\/primalab\/images\/files\/Rapp-annuel-2008-Bahloul-D-D01320060033.pdf\"><\/a> R\u00e9alis\u00e9<\/td><\/tr><tr><td>Analyse par spectrom\u00e9trie m\u00e9canique isotherme des ph\u00e9nom\u00e8nes de transition de phase.<\/td><td>B00120080012<\/td><td>Belhas Saida<\/td><td>&nbsp;<\/td><td>2008<\/td><td><a href=\"file:\/\/\/C:\/My%20Web%20Sites\/sitelabo\/labo.univ-batna.dz\/primalab\/images\/files\/rapp-annuel-2009-belahas-s-b00120080012.html\"><\/a> R\u00e9alis\u00e9<\/td><\/tr><tr><td>Comportement Visco\u00e9lastiques des Mat\u00e9riaux<\/td><td>J0501\/01\/05\/2005<\/td><td>Belamri Ch\u00e9rif<\/td><td>&nbsp;<\/td><td>2005<\/td><td><a href=\"file:\/\/\/C:\/My%20Web%20Sites\/sitelabo\/labo.univ-batna.dz\/primalab\/images\/files\/Rapp-annuel-2006-Balamri-C-J-0501-01-05-2005.html\"><\/a> R\u00e9alis\u00e9<\/td><\/tr><\/tbody><\/table><\/figure>\n\n\n\n<p><a href=\"http:\/\/www.cnepru-mesrs.dz\/\"><em>NOTE CIRCULAIRE PORTANT GESTION&nbsp;<\/em><em>DES PROJETS DE RECHERCHE- FORMATION (CNEPRU)<\/em><\/a><\/p>\n\n\n\n<p>&nbsp;<strong>Projets CNRS<\/strong><\/p>\n\n\n\n<figure class=\"wp-block-table\"><table class=\"has-fixed-layout\"><tbody><tr><td><strong>&nbsp;Intitul\u00e9 du Projet<\/strong><\/td><td><strong>Date acceptation<\/strong><\/td><td><strong>Universit\u00e9 Partenaire<\/strong><\/td><td><strong>Responsable du projet<\/strong><\/td><\/tr><tr><td>Alg\u00e8bre de lie gradu\u00e9es et d\u00e9form\u00e9es en structure nucl\u00e9aire<\/td><td>2002<\/td><td>&nbsp;Le Grand Acc\u00e9l\u00e9rateur National&nbsp;<br>d\u2019Ions Lourds (GANIL) &#8211; France<\/td><td>Prof. BOULDJEDRI Abdelhamid<br>D\u00e9partement de Physique&nbsp;<\/td><\/tr><tr><td>&nbsp;Les&nbsp; mod\u00e8les SDG-IBM<br>et SDG-IBFM et la supersym\u00e9trie<br>dans la structure nucl\u00e9aire<\/td><td>2007<\/td><td>Le Grand Acc\u00e9l\u00e9rateur National<br>d\u2019Ions Lourds (GANIL) &#8211; France<\/td><td>Prof. BOULDJEDRI Abdelhamid<br>D\u00e9partement de Physique<\/td><\/tr><\/tbody><\/table><\/figure>\n","protected":false},"excerpt":{"rendered":"<p>Projets PFRU Intitul\u00e9 du Projet Porteur de projet Membres Date d\u00e9but et fin Structure et dynamique des systemes nucl\u00e9aire et atomique Pr. Bouldjedri Abdelhamid Dr. Bouhlel Mouna, Dr. Aissaoui Lamia, Guendouz Rania doc, Ghodbane Imane doc Khadir Mohamed Islem doc 01-01-2023\/ 2027 Confined Atomic Systems in Charged Environments Pr. Moumni Mustapha Dr.Becir Ahmed&nbsp; Khaled Fatma [&hellip;]<\/p>\n","protected":false},"author":1,"featured_media":0,"parent":0,"menu_order":0,"comment_status":"closed","ping_status":"closed","template":"","meta":{"site-sidebar-layout":"default","site-content-layout":"","ast-site-content-layout":"default","site-content-style":"default","site-sidebar-style":"default","ast-global-header-display":"","ast-banner-title-visibility":"","ast-main-header-display":"","ast-hfb-above-header-display":"","ast-hfb-below-header-display":"","ast-hfb-mobile-header-display":"","site-post-title":"","ast-breadcrumbs-content":"","ast-featured-img":"","footer-sml-layout":"","theme-transparent-header-meta":"","adv-header-id-meta":"","stick-header-meta":"","header-above-stick-meta":"","header-main-stick-meta":"","header-below-stick-meta":"","astra-migrate-meta-layouts":"set","ast-page-background-enabled":"default","ast-page-background-meta":{"desktop":{"background-color":"var(--ast-global-color-4)","background-image":"","background-repeat":"repeat","background-position":"center center","background-size":"auto","background-attachment":"scroll","background-type":"","background-media":"","overlay-type":"","overlay-color":"","overlay-opacity":"","overlay-gradient":""},"tablet":{"background-color":"","background-image":"","background-repeat":"repeat","background-position":"center center","background-size":"auto","background-attachment":"scroll","background-type":"","background-media":"","overlay-type":"","overlay-color":"","overlay-opacity":"","overlay-gradient":""},"mobile":{"background-color":"","background-image":"","background-repeat":"repeat","background-position":"center center","background-size":"auto","background-attachment":"scroll","background-type":"","background-media":"","overlay-type":"","overlay-color":"","overlay-opacity":"","overlay-gradient":""}},"ast-content-background-meta":{"desktop":{"background-color":"var(--ast-global-color-5)","background-image":"","background-repeat":"repeat","background-position":"center center","background-size":"auto","background-attachment":"scroll","background-type":"","background-media":"","overlay-type":"","overlay-color":"","overlay-opacity":"","overlay-gradient":""},"tablet":{"background-color":"var(--ast-global-color-5)","background-image":"","background-repeat":"repeat","background-position":"center center","background-size":"auto","background-attachment":"scroll","background-type":"","background-media":"","overlay-type":"","overlay-color":"","overlay-opacity":"","overlay-gradient":""},"mobile":{"background-color":"var(--ast-global-color-5)","background-image":"","background-repeat":"repeat","background-position":"center center","background-size":"auto","background-attachment":"scroll","background-type":"","background-media":"","overlay-type":"","overlay-color":"","overlay-opacity":"","overlay-gradient":""}},"footnotes":""},"class_list":["post-503","page","type-page","status-publish","hentry"],"_links":{"self":[{"href":"https:\/\/labo.univ-batna.dz\/lrprim\/index.php?rest_route=\/wp\/v2\/pages\/503","targetHints":{"allow":["GET"]}}],"collection":[{"href":"https:\/\/labo.univ-batna.dz\/lrprim\/index.php?rest_route=\/wp\/v2\/pages"}],"about":[{"href":"https:\/\/labo.univ-batna.dz\/lrprim\/index.php?rest_route=\/wp\/v2\/types\/page"}],"author":[{"embeddable":true,"href":"https:\/\/labo.univ-batna.dz\/lrprim\/index.php?rest_route=\/wp\/v2\/users\/1"}],"replies":[{"embeddable":true,"href":"https:\/\/labo.univ-batna.dz\/lrprim\/index.php?rest_route=%2Fwp%2Fv2%2Fcomments&post=503"}],"version-history":[{"count":1,"href":"https:\/\/labo.univ-batna.dz\/lrprim\/index.php?rest_route=\/wp\/v2\/pages\/503\/revisions"}],"predecessor-version":[{"id":504,"href":"https:\/\/labo.univ-batna.dz\/lrprim\/index.php?rest_route=\/wp\/v2\/pages\/503\/revisions\/504"}],"wp:attachment":[{"href":"https:\/\/labo.univ-batna.dz\/lrprim\/index.php?rest_route=%2Fwp%2Fv2%2Fmedia&parent=503"}],"curies":[{"name":"wp","href":"https:\/\/api.w.org\/{rel}","templated":true}]}}